lue of (-2 - (2 + 0 + -5)) + 0?
1
Calculate (3 - (2 - 2)) + 0.
3
What is the value of 11 + -12 + (0 - (-1 + -1))?
1
What is (2 - 0 - (3 - 2)) + -4?
-3
0 - (2 + 2 + 0 - 4)
0
Calculate 5 + 3 + -9 + 5.
4
What is 8 + 2 + (-2 - 3)?
5
What is the value of 2 + (-1 - (-7 - (3 - 4)))?
7
What is -5 - -5 - -5 - 3?
2
Evaluate (2 - -1) + -1 + 2 + -6.
-2
What is 3 + -8 + 0 + 3?
-2
What is 3 + (-3 - (1 + -2 + 0))?
1
What is the value of -3 + (-4 + (2 - -4) - -1)?
0
Evaluate (4 - -1) + (-1 - 2) - -3.
5
Calculate -5 - ((4 - 3) + -3).
-3
Evaluate (1 - 4 - -7) + -3.
1
What is the value of 7 + (0 + -1 - (5 + -2))?
3
(4 - 2) + (-7 - -8) + -2
1
Calculate 12 + 2 + -4 + 3 + -6.
7
Calculate 20 - (15 + -4) - (-1 + 4).
6
-1 + -4 - (-10 - (-1 - 9))
-5
Evaluate 3 + -11 + 7 + 7.
6
Evaluate -2 + -6 - (-8 - (-4 - -1)).
-3
(-4 - ((7 - 4) + -12)) + -3
2
What is -11 + -8 + 14 + -2?
-7
6 + 0 - ((5 - -9) + -2)
-6
What is the value of -5 + -4 + 8 - (0 - -2)?
-3
What is -1 + -1 + -2 - -4?
0
Calculate -3 + (3 - (1 + 6 + -12)).
5
Evaluate 5 + -1 - (2 - 2).
4
What is the value of -1 + (2 + -3 - 0)?
-2
What is the value of (0 - 3) + (-78 - -78)?
-3
Evaluate (1 - (0 + 3)) + 3 + -4.
-3
Calculate -5 - (8 + -4 + -11).
2
Calculate (-7 - (-22 + 3)) + -18.
-6
What is 0 + 1 - (0 - -3) - -3?
1
What is 0 + -4 - -8 - 4?
0
Evaluate -3 + (-2 - (-4 + 0)).
-1
What is -2 + 7 + -2 + (2 - 4)?
1
Calculate 34 - 29 - (1 - -4).
0
Evaluate 1 + (-7 - 0 - -5).
-1
6 + -2 + 1 - 5
0
Calculate 3 - 2 - -1 - (-6 + 4).
4
6 - 0 - 0 - (-1 - -8)
-1
Evaluate -3 - -3 - (-2 + -6).
8
-18 + 12 + 4 + -5
-7
4 + (3 - (0 + 2 + 0))
5
Evaluate 11 + (-2 + -2 - 7).
0
Calculate (-11 - -3) + 11 + -10.
-7
What is the value of 2 + (3 - (-3 - -3))?
5
Evaluate (-3 - -1) + (-4 - (2 + -9)).
1
What is 3 + -9 + (-2 - -3) - 0?
-5
12 - (8 - (2 - 3))
3
Calculate -4 + 4 - (1 + (-2 - -2)).
-1
2 + 2 + -8 - (32 - 36)
0
8 + 8 + -8 + (6 - 8)
6
8 + -6 + (2 - 1)
3
What is (-11 - -9) + 0 + 2?
0
5 - -2 - (50 - 52)
9
Calculate (9 - 3) + 3 + -9.
0
What is 3 + -5 + 1 + -3?
-4
Calculate -2 + 1 - ((1 - 6) + 3).
1
Evaluate -7 + 3 + -8 + 5 + 4.
-3
3 - ((7 - -4) + -1)
-7
What is (14 - 6 - 14) + (2 - 0)?
-4
What is -5 + (-1 - 1 - 1) + 10?
2
What is the value of -5 - 4 - -5 - (1 - 9)?
4
0 - (-3 + 1 + 3)
-1
Calculate -9 - (-10 - ((-13 - -4) + 3)).
-5
-10 - (-1 - (15 - 4))
2
4 + (-3 - -4 - (6 - 3))
2
Calculate 3 + 6 + (-6 - 1).
2
Calculate -2 + -3 + (2 - (-8 - -5)).
0
Evaluate 1 - (2 + (-1 - -3) + 1).
-4
Calculate -1 + (2 - (-2 + -1)).
4
Calculate 4 + 0 + (-11 + 5 - 1).
-3
Calculate 9 - (-11 + 7) - (-1 - -6).
8
-9 + 2 + 10 + (14 - 13)
4
What is the value of 4 + -2 + -39 + 34?
-3
Calculate (18 - 19 - (-1 + -8)) + -3.
5
Evaluate -38 + 31 - (0 + -9).
2
What is the value of 3 + -6 - ((10 - 16) + -1)?
4
Calculate 4 + -2 - (-2 - (-3 - 0)).
1
What is the value of 1 + -5 - (-6 - -3 - 3)?
2
Evaluate -1 - -2 - (26 - 21).
-4
Evaluate -1 - 2 - 0 - (-9 + 1).
5
Calculate 0 + (-5 - -16 - 8).
3
Evaluate 1 + 2 + (-3 - -3) + 1.
4
Calculate 2 - (8 - (10 - 3)).
1
What is the value of -12 - -4 - (5 - 11)?
-2
(2 - 3) + -4 - -8
3
Calculate 3 + 4 - (8 + -4).
3
What is -4 + (-4 + 2 - (-5 + 2))?
-3
What is -4 - ((7 - 2) + -9) - 4?
-4
(-6 - ((0 - 2) + -5)) + 1
2
What is -1 + -3 + (2 - -1)?
-1
-4 - (6 + -3 - 12)
5
1 + 1 - 6 - 3 - -1
-6
0 + -1 + 2 + -2
-1
-2 + (-5 + 0 - 4 - -4)
-7
Calculate (2 + -14 - -13) + -2 + 9.
8
What is (-7 - -7) + -5 + 3 + -2?
-4
Calculate 11 + (-7 + 5 - 4).
5
Calculate 8 - 1 - (10 + -3).
0
What is 3 + (-11 - -7) - (-2 - 1)?
2
What is the value of (-6 - -3) + (-8 - -11)?
0
6 - 11 - -1 - -2 - -5
3
Evaluate -3 - (-8 - -2) - -3.
6
Calculate (2 - 1) + 1 + -4 + 1.
-1
Calculate -9 - (6 - (11 + 3 + -5)).
-6
What is 3 + 0 + (2 - 1 - 2)?
2
12 - (3 + 1) - 6
2
What is -3 - (-6 - (6 + -8 + -4))?
-3
What is (-2 - (2 + -2)) + (1 - 5)?
-6
What is the value of -4 + (-2 - -7) + -4?
-3
-4 + (3 - ((-2 - -4) + 2))
-5
Evaluate 4 + 13 + -11 - 4.
2
Evaluate 8 + (9 - 1 - 14).
2
Calculate (-3 - -12) + 0 + -9.
0
5 + -1 + (1 + 3 - 6)
2
Evaluate 5 - 13 - (3 + -13).
2
What is the value of -7 + 16 + -1 + -10?
-2
What is the value of -4 + 1 - (-9 - -10)?
-4
-3 - (1 - ((3 - 8) + 4))
-5
What is 8 - -1 - (-7 - (5 + -15))?
6
Calculate (-8 - -1) + (0 - (5 + -13)).
1
Calculate -1 + 10 + 1 + -9.
1
Calculate 4 + 1 - (-3 - (11 + -15)).
4
-8 - -14 - (4 + -3) - 4
1
4 - -1 - (32 - 27)
0
Calculate 5 + -2 - ((2 - 1) + -2).
4
4 + (-3 - 1) + (-13 - -13)
0
Evaluate (-6 - -1) + (-18 - -6) + 19.
2
Calculate -9 + 19 + 2 + -12.
0
13 + (-12 - -6) + -13
-6
What is the value of 12 - (8 - 3) - (4 - 1)?
4
What is 5 + (1 - 8) - 3?
-5
What is the value of (1 - -2) + (6 - (2 - -3))?
4
What is -3 + (-3 - (-2 + 0) - -4)?
0
Calculate -1 - (5 + (-2 - (0 + 3))).
-1
What is the value of 5 + (25 + -32 - (-6 + -1))?
5
-3 + -2 - (7 + (-7 - -1))
-6
Calculate 9 - (20 - (11 + -6)).
-6
Evaluate -4 + 10 + (-10 - (0 + 5)).
-9
What is (-5 - -7) + -3 + 10?
9
Evaluate -3 - -1 - (-3 - (-12 - -7)).
-4
16 - 19 - (-1 - 0)
-2
(-7 - -2) + 0 + 11
6
-20 + 15 - (0 + -1) - -5
1
What is the value of 3 + -4 + 6 - 9 - 2?
-6
Calculate -8 + 13 + 3 + -11.
-3
Calculate (-3 - (-8 - -2)) + -4 + 5.
4
Evaluate -13 - -2 - (57 - 69).
1
-12 - (2 + 1 + -9)
-6
What is the value of (-1 + 13 - 8) + (-12 - -1)?
-7
What is 2 + 0 - -1 - 6 - -1?
-2
Calculate 0 - -2 - (3 - (11 - 9)).
1
(-20 - -17) + (0 - -4)
1
What is -5 + 11 + -1 + -6?
-1
What is -2 + (-51 - -43) + (3 - 1)?
-8
Evaluate 2 + 0 - (-8 + 3 - -6).
1
Evaluate (-3 - 0) + -2 + 10.
5
Calculate 11 + -15 - (-6 + 2 + -1).
1
4 + -8 - (-3 - 3)
2
Evaluate (7 - (3 - (-3 - -1))) + 5.
7
Evaluate (-4 - -9) + -1 + -3.
1
Calculate 2 + -11 + (-3 - -8).
-4
Evaluate -3 + -4 + (27 - 11).
9
What is -11 + 15 - (-3 + 2) - -1?
6
What is (-6 - 2 - -6) + 2?
0
Evaluate 2 + -2 - (4 + (-4 - -2)).
-2
What is 4 + (-4 + 0 - 5)?
-5
What is the value of 4 + (7 - (9 - 4))?
6
What is the value of (-3 - (4 + -9)) + 1?
3
Calculate 7 + 6 + 2 + -11.
4
Calculate -5 - (3 - 11 - -3).
0
-4 + 15 + -6 + 0
5
What is the value of -11 - (-1 - 2) - -3 - 0?
-5
What is -1 + (-1 - (-8 + 10))?
-4
What is -6 - -3 - (18 - 16)?
-5
6 + -4 - (0 - -3)
-1
What is the value of 0 - (-2 + 0 + 2)?
0
What is the value of 2 - -1 - (-10 + 13)?
0
Evaluate -1 + 6 + (6 - 5).
6
What is 4 + -1 + -1 + -2 - 1?
-1
Evaluate 8 - (-6 - (-13 - 7)).
-6
Evaluate -3 + -1 + -7 + -21 + 24.
-8
What is 25 + -22 + -2 + 5 + -3?
3
Calculate 7 + 0 - (-5 + 2 + 1).
9
15 + (-19 + 1 - -11)
8
What is -4 + (-3 + 5 - 3)?
-5
Calculate -24 - -16 - (1 - (-3 + 4)).
-8
What is -10 + 5 + 7 + 2?
4
3 + -1 + -3 + 4
3
-7 + (3 - -5) + -4
-3
Evaluate -5 + (7 + 1 - (-34 + 38)).
-1
Calculate (-6 - (-3 - (1 - 2))) + 3.
-1
What is the value of -5 + 1 - ((4 - 7) + 0)?
-1
What is -4 - (-3 + -1 + 0 + 2)?
-2
Calculate 1 + 10 - (93 - 80).
-2
Calculate (6 - 11) + 18 + -8.
5
Evaluate -2 + (0 - -4) - (23 + -18).
-3
What is -2 - (4 + (3 - 1) + -3)?
-5
(-6 - -4) + -1 + 0 - -4
1
Calculate 2 - ((8 - 14 - 7) + 8).
7
4 + 8 + 3 + -11
4
What is (3 - 6 - -5) + -4?
-2
What is the value of 2 + (-9 - -11) - (-6 - -1)?
9
Evaluate (0 + -2 - (1 - -2)) + 12.
7
Evaluate (-15 - -27) + 0 + -21.
-9
Evaluate 0 - -5 - 8 - 2.
-5
-3 - (-6 + (-7 - -7) + 4)
-1
What is -35 + 27 - (-15 + -2)?
9
(1 - (1 + 1)) + (-8 - -5)
-4
1 - -2 - 5 - -3
1
-3 + 0 - (1 + 1)
-5
Calculate (0 - 10) + 16 - 1.
5
Evaluate (1 + -3 - -15) + -19.
-6
Calculate 9 + (-1 + -3 - -4).
9
What is the value of -21 + 15 + (-1 - 0)?
-7
What is the value of 9 - (-3 + -3 + 10) - 5?
0
Evaluate -7 + 14 + -8 + 7 + -2.
4
Calculate -1 + -13 + 17 - (1 - 6).
8
Calculate (2 - (-2 + 3)) + -6 + 7.
2
Evaluate 2 + -2 + -1 - 2 - -7.
4
Calculate 4 + -1 + 2 + (5 - 7).
3
What is -2 + -11 + 12 + -7?
-8
-1 + (-4 - (-9 + -5))
9
What is 4 - (2 + 1 + 3 - 6)?
4
Calculate -6 + 0 + -1 + 4 + -2.
-5
Calculate (0 - 0) + 8 + -6.
2
Calculate -2 - 1 - (-72 + 68).
1
Evaluate -4 + 10 + -1 - 3.
2
Evaluate 0 - 2 - (4 - 2) - -7.
3
Evaluate (3 - 3) + (-1 - -1).
0
What is 7 + -2 - (-6 + 7)?
4
What is -5 - -4 - (0 + 3 + -5)?
1
Evaluate (8 - 1) + (6 - 13) + -9.
-9
(-9 - -4) + 5 + -5
-5
(2 - 5) + (-9 - -5) + 5
-2
Evaluate 0 + 4 - (37 + -34).
1
Evaluate -1 - (-20 - (9 + -21)).
7
-1 + 2 + 1 + 13 + -20
-5
Calculate (5 - 10 - -6) + 3 - -3.
7
What is the value of 4 - (-5 - (-2 + -3)) - 6?
-2
What is the value of 3 - 4 - (0 - -1)?
-2
Evaluate -